 0. Determine w(d).
-13
Let i(b) = b**3 - 15*b**2 + 15*b - 19. Let y be i(14). Let g(j) = j + 2. What is g(y)?
-3
Let l(z) be the third derivative of z**4/24 - 2*z**3/3 + 2*z**2. What is l(6)?
2
Let w(f) = -1 - 4*f - 8*f**2 + 2 + 5*f - f**3. What is w(-8)?
-7
Let o(d) be the third derivative of -1/3*d**3 - 1/60*d**5 + 0*d + 0 - 2*d**2 - 5/24*d**4. Let j(y) = -y**2 - 10*y + 6. Let f be j(-11). Give o(f).
-2
Suppose 0 = 76*o - 68*o + 40. Let z(i) be the third derivative of i**5/60 + i**4/4 - i**3 - i**2. Give z(o).
-11
Let v(j) = -2*j**3 + j**2 - 2*j - 1. Suppose -5*g - 5*z = -6*z - 14, -4*g + 4 = z. What is v(g)?
-17
Let p(q) = 7*q**2 - q + 2. Let a be 18/(-4) + 140/56. Calculate p(a).
32
Let i(s) = 6*s + 1. Let w(y) = -11*y - 2. Let r(b) = -5*i(b) - 3*w(b). Give r(7).
22
Let h(y) = -6*y - 95. Let w be h(-16). Let f(r) = -24*r**2 + 1. What is f(w)?
-23
Let l = -3 - -4. Let z(f) = 3 + 0 + f**2 - 6*f + l. Determine z(4).
-4
Let i(t) be the third derivative of -t**6/120 + t**5/60 + 7*t**3/6 + 2*t**2. Let l be 0/3 + 0/(-3). Determine i(l).
7
Suppose 2 = -6*r + 7*r. Suppose -2*y = -q - r, 2*q + 2*y - 24 = -10. Let l(b) = 2*b - 1. Let o(j) = j. Let p(i) = 3*l(i) - 5*o(i). What is p(q)?
1
Let c(g) = -g**3 + 5*g**2 - g - 2. Suppose -2*z - 10 = -4*z. Give c(z).
-7
Let o(z) = -z - 3. Let b be o(-5). Suppose -6 = w - 4*j + 2*j, 3*w + 5*j = 26. Let v(k) = 28 + k**w - 28. Calculate v(b).
4
Let v(k) = -k**2 - 7*k - 4. Suppose -5*u + 48 = -4*z, z + 1 = 4. Suppose u = -w + 6. What is v(w)?
2
Let m(b) = b**2 + 3*b + b**2 + 0*b**2 + 3*b. Give m(-4).
8
Let c(j) = j**2 + j + 9. Suppose 5*p + 0*p = 0. Calculate c(p).
9
Let l(g) = 0*g + g**2 + 5*g - 5 + 0*g**2 + 0*g**2. Determine l(-6).
1
Suppose 1 = -3*a - 2. Let v(r) = -r. Let i(m) = -3*m + 1. Let k(t) = i(t) + 4*v(t). Determine k(a).
8
Let u(z) = -1 + 1 + 1. Let b(m) = m + 4. Let l(j) = b(j) - 5*u(j). Calculate l(1).
0
Let c(r) be the first derivative of 0*r**2 + 5/3*r**3 + 1/6*r**4 + 1/40*r**5 + 3 + 0*r. Let p(q) be the third derivative of c(q). Give p(-5).
-11
Let i(a) be the second derivative of 1/40*a**5 + 1/360*a**6 - 1/3*a**3 + 1/12*a**4 + a + 0 + 0*a**2. Let j(k) be the second derivative of i(k). Determine j(-3).
2
Let l(o) be the third derivative of -o**6/120 + 2*o**5/15 + 13*o**2. Give l(8).
0
Let f(l) = -37 + 71 - 38 + l. What is f(3)?
-1
Let m(v) = -v**2 - 19*v - 15. Let g be m(-18). Let a(l) = -6*l - 3. Let z(c) = -3*c - 2. Let d(j) = -3*a(j) + 5*z(j). Give d(g).
8
Suppose 0 = -5*m - 2*w + 8, w - 2 - 2 = -2*m. Suppose -2*k = -5*f + 21, -4*f + 9 = -2*f - k. Let d(t) = f - 3 + t - 1. Give d(m).
-1
Let t(z) be the first derivative of -3*z + 1/3*z**3 - 2 - z**2. Calculate t(5).
12
Let v(w) = -w**3 + 7*w**2 + 11*w - 1. Let c be v(8). Let f = c - 16. Suppose 3*j = f*j. Let q(o) = -o - 1. Calculate q(j).
-1
Let r(i) = -3 - 5 + i**3 + 5 - 5*i**2 + 2*i + 0*i**3. Suppose -a + 1 = -5*u - 8, 4*u = -5*a + 16. Suppose 2*d - 6 = a. What is r(d)?
7
Suppose -8*w = -0 - 16. Let n(g) = -2*g + 1. Determine n(w).
-3
Let d(s) = 6*s**2 - s. Let u = -12 - -13. Determine d(u).
5
Suppose -4*m + 2 = 2*z, m - z = -4*m - 1. Suppose 5*s + m = 5. Let o be s - (2 + 0) - 2. Let j(r) = -r - 1. Calculate j(o).
2
Let m(c) = c**2 + 8*c + 8. Let u be m(-6). Let b(w) = -2*w**2 - 5*w. Determine b(u).
-12
Let w be (1 - 0) + -2 + -3. Let f = 7 + w. Let m(b) = 3 - 4*b + 3 - f. Determine m(2).
-5
Let u = -12 - -14. Let c(s) = -5*s**3 + 1 + 2 - s - s**u - 4 + 10*s**3. Calculate c(-1).
-6
Let h be 155/(-30) - 1/18*-3. Let u(d) = 2*d - 4. Give u(h).
-14
Suppose -7*j + 6*j = 0. Let d(x) = x**3 + x**2 + x - 6. Determine d(j).
-6
Let i(v) be the third derivative of -2*v**4/3 - v**3/6 + 28*v**2. Let b(t) = -t**2 - 5*t - 1. Let y be b(-5). What is i(y)?
15
Let v(q) be the third derivative of -2*q**2 + 1/8*q**4 + 0*q + 1/720*q**6 - 1/20*q**5 + 0 + 0*q**3. Let u(d) be the second derivative of v(d). Give u(3).
-3
Suppose 1 = j - 0. Let u(f) = f. Let r(v) = -7*v - 3. Let n(k) = j*r(k) + 6*u(k). What is n(0)?
-3
Let p(f) = -f**3 + f**2. Let s(t) = -5*t**3 + 13*t**2. Let g(j) = 6*p(j) - s(j). What is g(-7)?
0
Let b(l) = 4*l + 2. Suppose 2*w - 2*x + 13 = 3, -7 = 3*w + x. Give b(w).
-10
Let t be (1 - 1)/((-10)/5). Let f(l) = 0*l + l - 6*l**3 + t*l. What is f(-1)?
5
Let q(u) = -u**2. Let j(i) = -2*i**2. Let m(d) = -j(d) + q(d). Calculate m(-2).
4
Let n(i) = i**2 - 8*i + 10. Let l be 182/21 - (-4)/(-6). What is n(l)?
10
Let t(c) = -c**2 + c + 1. Let q(a) = -a + 2. Suppose 5*b - 2 = -2*h + 1, -3*b = -h - 15. Let d = -2 - h. Let y be q(d). What is t(y)?
-5
Suppose -16 = b - 9. Let n(p) = p**3 + 7*p**2 + p + 7. Give n(b).
0
Let c = 15 - -13. Let r(g) = -c*g + 4 - 5 + 23*g. Give r(1).
-6
Let n(k) = k**2 + k**3 + 2*k + 0 + k**2 - 1. Let j(h) = -h**3 + 5*h**2 + 6*h + 3. Let w be j(6). Suppose 6 = -z - 4*i, 3*z = 2*i + i - w. What is n(z)?
-5
Let b(z) = -2*z + 571 - 571. Give b(5).
-10
Let h = -4 - -19. Let t be h/(-5)*1*-1. Suppose -2*v + 5 + t = 0. Let w(p) = -p**2 + 5*p - 5. Give w(v).
-1
Suppose 2*f + 3 = 13. Let n(h) = 5 + 3*h - 4*h + f. Let y be 0*((-9)/6 + 1). Calculate n(y).
10
Let z(x) be the third derivative of 1/4*x**4 + 0*x - 3*x**2 + 0*x**3 - 1/120*x**6 - 1/12*x**5 + 0. Determine z(-6).
0
Let z(i) = -i + i**3 + 6 - 5*i - 3 - 2*i**2 + 2*i. Determine z(3).
0
Let g(l) be the third derivative of -l**6/120 + l**5/60 - l**4/24 - 2*l**3 + 2*l**2. Determine g(0).
-12
Let y(o) = -o + 3. Let j(v) = -v**3 + 8*v**2 - 6*v - 7. Let a be j(7). Let k be y(a). Let n(w) = 3 - w**k - 4*w + 5*w**2 - 1 - 3. Give n(4).
-1
Let z(d) = 4*d**3 - d + 1. Let i be (-10)/(-5) - (-1)/(-1). What is z(i)?
4
Let h(x) = 4*x + 1. Let q be (-1)/(1 - 6/5). Let p(s) = 2 + s - 3*s + 9*s + 2*s. Let f(d) = q*h(d) - 2*p(d). Calculate f(-1).
-1
Let y(t) = 5*t - 4. Let z(h) = -5*h + 3. Let k(g) = 4*y(g) + 5*z(g). Calculate k(1).
-6
Let m(j) = -2*j**2 + 3*j + 2*j**2 - 2*j**2 - 4*j**2 + j**3 + 5. Give m(4).
-15
Let n(g) = 2*g - 1. Let q be n(-1). Let o(l) = -2*l**2 - 3*l - 3. Let h(v) = 4*v**2 + 6*v + 6. Let c(s) = 4*h(s) + 9*o(s). Calculate c(q).
-12
Let r(c) be the first derivative of -c**4 - 2*c**3/3 + c + 1. Let w be r(1). Let d(s) = s + 2. Calculate d(w).
-3
Let t(y) be the first derivative of y**4/4 + 5*y**3/3 + y**2 - 4*y - 23. What is t(-5)?
-14
Let x(v) = 2*v + 1. Suppose -2*t = -c + 2*c + 10, 4*c - 3*t - 15 = 0. Suppose -g - 4 = 4*a, 2*g - 7*g + 5*a + 5 = c. Suppose g = -5*k + 2 + 18. Determine x(k).
9
Let v(h) = h**3 - 8*h**2 - 7*h - 11. Let k be v(9). Let a(q) = 0*q - k - 2*q + 3*q. Let r = 1 - 1. Give a(r).
-7
Let t(g) be the third derivative of g**8/6720 - g**7/630 + g**6/180 - g**5/60 - g**4/8 - g**2. Let n(l) be the second derivative of t(l). Give n(3).
1
Let s(a) = -a**2 + a. Let h(x) = x**3 - 7*x**2 - x + 8. Let v be h(7). Suppose -5*u = -v - 19. Suppose -2*z + u = 2. Give s(z).
0
Let t(r) = r**2 + 12*r - 6. Let z(b) = b**2 + 11*b - 5. Let n(v) = 2*t(v) - 3*z(v). What is n(-9)?
3
Let u(d) be the first derivative of -d**6/120 + d**5/20 + d**4/6 - d**3/2 - 5*d**2/2 + 2. Let j(s) be the second derivative of u(s). Give j(3).
9
Let l(v) be the third derivative of 1/6*v**4 + 0*v - v**2 + 1/60*v**5 + 0 + 1/2*v**3. Suppose 0 = w + 2. Calculate l(w).
-1
Let m(l) be the third derivative of -l**6/120 - l**5/60 + l**4/12 + l**3/6 - 2*l**2. Give m(2).
-7
Suppose -3*t - 17 = -2. Let v(s) be the third derivative of 0*s**4 - 1/120*s**6 + 0*s - 1/12*s**5 - s**2 + 0 - 1/3*s**3. Determine v(t).
-2
Let f(d) = -2*d**2 + d + 773 + 3*d**2 - 761 + d**3. What is f(0)?
12
Let z = 20 + -13. Let u(s) be the first derivative of 2*s + 4 + z*s - 3 - s - s**2. What is u(6)?
-4
Let q(t) be the third derivative of 3*t**4/8 - t**3/6 + 2*t**2. Give q(-1).
-10
Let g be 15/6*16/10. Suppose 0*y = -y + g. Let r(v) = -v**3 + 5*v**2 - 3*v - 1. Give r(y).
3
Let x(i) be the second derivative of i**4/12 + 2*i**3/3 - 2*i**2 + 3*i. Suppose 5*f = 2*w - 16, 7*w = 3*f + 2*w + 2. Give x(f).
-4
Suppose 0 = -2*x - 8 - 6. Let s(w) = w**3 + 7*w**2 - 2*w - 6. Determine s(x).
8
Let o(n) = -3*n - 1. Let v(j) = -j**3 + 8*j**2 - 6*j - 5. Let f be v(7). What is o(f)?
-7
Let b(j) be the second derivative of -j**4/12 + 7*j**3/3 - 9*j**2 - 3*j - 4. Give b(13).
-5
Let x(m) = -m + 4. Let q be x(4). Let p = q + 1. Let t(z) = -z**3 - z**2 + 2*z -